e of 18?
True
Is 185 a multiple of 17?
False
Is 41 a factor of 4100?
True
Is 7 a factor of 42?
True
Is 99 a factor of 1188?
True
Does 14 divide 2408?
True
Is 7 a factor of 315?
True
Is 4147 a multiple of 29?
True
Does 15 divide 735?
True
Is 10 a factor of 100?
True
Is 8 a factor of 462?
False
Is 23 a factor of 4855?
False
Is 71 a factor of 3041?
False
Is 35 a factor of 70?
True
Is 12 a factor of 120?
True
Is 3180 a multiple of 4?
True
Does 5 divide 60?
True
Is 22 a factor of 1464?
False
Does 22 divide 41558?
True
Is 12 a multiple of 3?
True
Is 24 a factor of 48?
True
Is 4 a factor of 76?
True
Does 8 divide 1078?
False
Does 16 divide 1448?
False
Is 201 a factor of 1608?
True
Is 56110 a multiple of 155?
True
Does 10 divide 198?
False
Is 104 a factor of 1434?
False
Does 25 divide 2171?
False
Does 8 divide 20840?
True
Is 1018 a multiple of 6?
False
Is 18 a factor of 1026?
True
Is 9750 a multiple of 78?
True
Does 149 divide 2828?
False
Does 72 divide 504?
True
Does 68 divide 7616?
True
Is 223 a factor of 30328?
True
Is 12325 a multiple of 25?
True
Is 2926 a multiple of 38?
True
Is 272 a multiple of 83?
False
Is 2 a factor of 6050?
True
Is 1719 a multiple of 9?
True
Is 18436 a multiple of 11?
True
Is 40 a factor of 524?
False
Is 38 a factor of 34427?
False
Is 17 a multiple of 9?
False
Is 5 a factor of 3215?
True
Does 9 divide 32031?
True
Is 9 a factor of 48942?
True
Does 10 divide 7851?
False
Is 34 a factor of 1633?
False
Is 161 a factor of 2415?
True
Is 9776 a multiple of 16?
True
Is 10 a factor of 11590?
True
Is 36 a factor of 1764?
True
Is 159 a multiple of 23?
False
Is 147 a multiple of 8?
False
Is 15 a factor of 32?
False
Is 364 a multiple of 13?
True
Does 20 divide 129?
False
Is 42190 a multiple of 10?
True
Is 10600 a multiple of 64?
False
Is 52 a factor of 3030?
False
Does 47 divide 1457?
True
Does 54 divide 13643?
False
Is 16 a factor of 72288?
True
Is 56880 a multiple of 8?
True
Does 12 divide 851?
False
Is 157 a factor of 10288?
False
Is 848 a multiple of 8?
True
Is 449 a multiple of 87?
False
Is 37856 a multiple of 32?
True
Is 20 a factor of 4970?
False
Does 21 divide 7770?
True
Is 676 a multiple of 5?
False
Is 10490 a multiple of 10?
True
Is 7 a factor of 35?
True
Is 65631 a multiple of 28?
False
Is 288 a multiple of 12?
True
Does 17 divide 383?
False
Is 130146 a multiple of 63?
False
Does 34 divide 918?
True
Is 3 a factor of 37?
False
Is 478 a multiple of 8?
False
Does 9 divide 1134?
True
Is 155 even?
False
Does 69 divide 10626?
True
Is 4415 a multiple of 4?
False
Is 255 a multiple of 6?
False
Is 550 a multiple of 10?
True
Is 4428 a multiple of 9?
True
Is 17 a factor of 13855?
True
Does 37 divide 555?
True
Is 28 a factor of 200?
False
Is 5648 a multiple of 8?
True
Is 20840 a multiple of 5?
True
Is 29 a factor of 754?
True
Does 129 divide 974?
False
Is 2580 a multiple of 129?
True
Is 81 a factor of 7371?
True
Is 340 a multiple of 17?
True
Is 14749 a multiple of 121?
False
Does 115 divide 19542?
False
Is 30 a factor of 3060?
True
Does 8 divide 89156?
False
Is 688 a multiple of 43?
True
Is 2935 a multiple of 5?
True
Is 18 a factor of 1440?
True
Is 9 a factor of 3398?
False
Does 52 divide 18512?
True
Does 9 divide 1531?
False
Does 20 divide 1250?
False
Is 4565 a multiple of 5?
True
Does 9 divide 97?
False
Does 21 divide 7093?
False
Is 11 a factor of 138?
False
Is 47042 a multiple of 43?
True
Is 16 a factor of 4665?
False
Is 120 a factor of 5703?
False
Is 19946 a multiple of 12?
False
Is 3 a factor of 305?
False
Is 14381 a multiple of 3?
False
Does 47 divide 459?
False
Is 37 a factor of 148?
True
Is 33264 a multiple of 44?
True
Is 2030 a multiple of 70?
True
Is 6 a factor of 5810?
False
Does 12 divide 1592?
False
Does 57 divide 722?
False
Is 14 a factor of 154?
True
Is 8 a factor of 6428?
False
Is 4433 a multiple of 11?
True
Is 720 a multiple of 8?
True
Does 3 divide 149?
False
Does 10 divide 47122?
False
Is 14 a factor of 159175?
False
Does 36 divide 12609?
False
Does 36 divide 224?
False
Is 3083 a multiple of 127?
False
Is 17115 a multiple of 19?
False
Is 12543 a multiple of 36?
False
Is 112 a factor of 4904?
False
Does 2 divide 36?
True
Does 201 divide 4345?
False
Is 13 a factor of 819?
True
Does 5 divide 6205?
True
Is 3350 a multiple of 57?
False
Does 41 divide 2691?
False
Is 6472 a multiple of 2?
True
Does 18 divide 19908?
True
Is 7 a factor of 337?
False
Does 108 divide 47520?
True
Is 14 a factor of 2324?
True
Is 3771 a multiple of 9?
True
Is 67 a multiple of 52?
False
Is 87 a multiple of 87?
True
Does 10 divide 1180?
True
Does 35 divide 16520?
True
Is 858 a multiple of 26?
True
Is 27 a factor of 7209?
True
Does 37 divide 2082?
False
Is 20 a factor of 3640?
True
Is 26 a factor of 910?
True
Is 35645 a multiple of 12?
False
Is 3745 a multiple of 162?
False
Is 66 a factor of 6468?
True
Does 14 divide 905?
False
Does 64 divide 4224?
True
Does 11 divide 101750?
True
Is 12 a factor of 17236?
False
Is 3523 a multiple of 271?
True
Is 28 a factor of 73668?
True
Is 12 a factor of 408?
True
Does 52 divide 3618?
False
Is 19 a factor of 1070?
False
Is 272 a multiple of 10?
False
Is 3120 a multiple of 40?
True
Is 14 a factor of 63144?
False
Is 1917 a multiple of 71?
True
Is 79 a factor of 16669?
True
Is 57 a factor of 15432?
False
Is 7 a factor of 1148?
True
Does 6 divide 3696?
True
Does 16 divide 321?
False
Does 6 divide 203?
False
Is 20335 a multiple of 11?
False
Does 70 divide 20318?
False
Is 71 a factor of 49793?
False
Is 9 a factor of 4068?
True
Does 16 divide 8437?
False
Does 43 divide 3569?
True
Is 30 a factor of 3957?
False
Is 2818 a multiple of 45?
False
Does 7 divide 1171?
False
Does 6 divide 71281?
False
Is 24 a factor of 8064?
True
Is 656 a multiple of 87?
False
Is 138 a factor of 18216?
True
Is 22056 a multiple of 8?
True
Does 15 divide 6555?
True
Is 41844 a multiple of 132?
True
Is 10 a factor of 1440?
True
Is 2678 a multiple of 12?
False
Does 13 divide 3926?
True
Does 4 divide 4000?
True
Does 133 divide 5986?
False
Does 25 divide 5440?
False
Is 11550 a multiple of 66?
True
Is 6 a factor of 3698?
False
Is 4801 a multiple of 17?
False
Is 3410 a multiple of 88?
False
Is 20714 a multiple of 169?
False
Is 18 a factor of 3924?
True
Does 19 divide 2356?
True
Is 279 a factor of 10953?
False
Does 23 divide 9778?
False
Is 131 a factor of 1179?
True
Is 23 a factor of 6336?
False
Is 2661 a multiple of 40?
False
Does 38 divide 1330?
True
Does 163 divide 4564?
True
Is 5934 a multiple of 69?
True
Is 2644 a multiple of 16?
False
Does 120 divide 1254?
False
Is 118 a factor of 16048?
True
Is 9325 a multiple of 76?
False
Is 476 a multiple of 28?
True
Does 70 divide 3314?
False
Is 1205 a multiple of 23?
False
Does 29 divide 1372?
False
Is 132 a multiple of 4?
True
Is 9 a factor of 29258?
False
Is 986 a multiple of 8?
False
Is 18540 a multiple of 30?
True
Is 2565 a multiple of 40?
False
Is 99994 a multiple of 346?
True
Does 28 divide 784?
True
Is 2999 a multiple of 153?
False
Is 6 a factor of 101?
False
Does 61 divide 153?
False
Is 20448 a multiple of 27?
False
Is 52539 a multiple of 72?
False
Does 112 divide 3584?
True
Is 40 a factor of 3520?
True
Is 2100 a multiple of 21?
True
Does 46 divide 2254?
True
Does 38 divide 5206?
True
Does 69 divide 12558?
True
Is 1227 a multiple of 7?
False
Does 95 divide 665?
True
Is 95571 a multiple of 10?
False
Is 180 a multiple of 52?
False
Is 35 a factor of 390?
False
Is 20 a factor of 10120?
True
Is 4509 a multiple of 4?
False
Is 3125 a multiple of 125?
True
Is 58 a factor of 5394?
True
Is 142 a factor of 27038?
False
Is 52998 a multiple of 73?
True
Does 6 divide 918?
True
Is 144 a factor of 6912?
True
Does 3 divide 761?
False
Is 8 a factor of 523?
False
Does 12 divide 29736?
True
Does 11 divide 2772?
True
Does 16 divide 30002?
False
Is 210 a multiple of 5?
True
Is 24 a factor of 240?
True
Is 33 a factor of 52008?
True
Is 19 a factor of 8073?
False
Does 78 divide 1299?
False
Is 33 a factor of 9797?
False
Is 719 a multiple of 11?
False
Is 78 a multiple of 6?
True
Does 3 divide 4245?
True
Is 1008 a multiple of 72?
True
Is 560 a multiple of 8?
True
Is 10 a factor of 3823?
False
Is 7 a factor of 416?
False
Does 8 divide 765?
False
Is 15 a multiple of 3?
True
Does 80 divide 15271?
False
Is 43 a factor of 516?
True
Does 